4
What is the tens digit of 391?
9
What is the thousands digit of 2035?
2
What is the tens digit of 1440?
4
What is the units digit of 2575?
5
What is the units digit of 686?
6
What is the tens digit of 554?
5
What is the hundreds digit of 654?
6
What is the tens digit of 3896?
9
What is the hundreds digit of 4874?
8
What is the hundreds digit of 14268?
2
What is the tens digit of 27501?
0
What is the hundreds digit of 69358?
3
What is the ten thousands digit of 53580?
5
What is the units digit of 622?
2
What is the units digit of 34470?
0
What is the ten thousands digit of 74956?
7
What is the units digit of 426?
6
What is the thousands digit of 8287?
8
What is the units digit of 28537?
7
What is the hundreds digit of 62995?
9
What is the units digit of 1256?
6
What is the thousands digit of 1756?
1
What is the ten thousands digit of 126899?
2
What is the tens digit of 14394?
9
What is the tens digit of 7947?
4
What is the tens digit of 25?
2
What is the units digit of 57044?
4
What is the hundreds digit of 44576?
5
What is the thousands digit of 4117?
4
What is the units digit of 875?
5
What is the tens digit of 3967?
6
What is the units digit of 185?
5
What is the hundreds digit of 1255?
2
What is the thousands digit of 88910?
8
What is the tens digit of 10529?
2
What is the tens digit of 1105?
0
What is the hundreds digit of 55405?
4
What is the tens digit of 1758?
5
What is the tens digit of 13321?
2
What is the hundreds digit of 11421?
4
What is the ten thousands digit of 24099?
2
What is the units digit of 448?
8
What is the thousands digit of 8419?
8
What is the thousands digit of 1898?
1
What is the hundreds digit of 186849?
8
What is the units digit of 14119?
9
What is the units digit of 885?
5
What is the hundreds digit of 2860?
8
What is the tens digit of 184183?
8
What is the thousands digit of 26498?
6
What is the ten thousands digit of 43384?
4
What is the thousands digit of 9695?
9
What is the hundreds digit of 15583?
5
What is the hundreds digit of 205498?
4
What is the hundreds digit of 1956?
9
What is the units digit of 3057?
7
What is the units digit of 7658?
8
What is the units digit of 14320?
0
What is the thousands digit of 1241?
1
What is the hundreds digit of 359?
3
What is the units digit of 735?
5
What is the tens digit of 15488?
8
What is the units digit of 534?
4
What is the ten thousands digit of 100862?
0
What is the hundreds digit of 13644?
6
What is the thousands digit of 8185?
8
What is the units digit of 14378?
8
What is the thousands digit of 1185?
1
What is the tens digit of 694?
9
What is the hundreds digit of 5872?
8
What is the thousands digit of 1290?
1
What is the ten thousands digit of 67424?
6
What is the units digit of 9197?
7
What is the ten thousands digit of 18688?
1
What is the units digit of 128?
8
What is the units digit of 2135?
5
What is the hundreds digit of 17648?
6
What is the tens digit of 20246?
4
What is the tens digit of 615?
1
What is the ten thousands digit of 11975?
1
What is the units digit of 38496?
6
What is the units digit of 38379?
9
What is the tens digit of 36978?
7
What is the thousands digit of 1335?
1
What is the thousands digit of 5429?
5
What is the tens digit of 8870?
7
What is the hundreds digit of 491?
4
What is the hundreds digit of 9371?
3
What is the thousands digit of 2282?
2
What is the units digit of 1339?
9
What is the units digit of 7?
7
What is the thousands digit of 19607?
9
What is the tens digit of 235?
3
What is the units digit of 403?
3
What is the tens digit of 6674?
7
What is the units digit of 5738?
8
What is the thousands digit of 137353?
7
What is the hundreds digit of 10543?
5
What is the thousands digit of 3585?
3
What is the ten thousands digit of 35827?
3
What is the units digit of 1219?
9
What is the units digit of 3298?
8
What is the hundreds digit of 88999?
9
What is the units digit of 30105?
5
What is the thousands digit of 2032?
2
What is the hundreds digit of 12994?
9
What is the tens digit of 565?
6
What is the hundreds digit of 34410?
4
What is the units digit of 1043?
3
What is the units digit of 7377?
7
What is the ten thousands digit of 26669?
2
What is the thousands digit of 2752?
2
What is the hundreds digit of 438?
4
What is the units digit of 27?
7
What is the ten thousands digit of 127354?
2
What is the hundreds digit of 152162?
1
What is the tens digit of 65517?
1
What is the hundreds digit of 139653?
6
What is the hundreds digit of 2803?
8
What is the thousands digit of 5303?
5
What is the hundreds digit of 18955?
9
What is the units digit of 8310?
0
What is the hundreds digit of 586?
5
What is the tens digit of 3860?
6
What is the units digit of 23807?
7
What is the hundreds digit of 7333?
3
What is the tens digit of 904?
0
What is the thousands digit of 34407?
4
What is the tens digit of 35854?
5
What is the tens digit of 20415?
1
What is the hundreds digit of 1111?
1
What is the units digit of 83237?
7
What is the thousands digit of 4311?
4
What is the units digit of 39863?
3
What is the tens digit of 1015?
1
What is the hundreds digit of 687?
6
What is the tens digit of 9202?
0
What is the tens digit of 15457?
5
What is the tens digit of 463?
6
What is the ten thousands digit of 14895?
1
What is the units digit of 94248?
8
What is the units digit of 98971?
1
What is the tens digit of 6116?
1
What is the hundreds digit of 56231?
2
What is the units digit of 2858?
8
What is the thousands digit of 88582?
8
What is the units digit of 6785?
5
What is the hundreds digit of 29969?
9
What is the hundreds digit of 1578?
5
What is the tens digit of 1072?
7
What is the thousands digit of 4281?
4
What is the units digit of 1087?
7
What is the units digit of 358?
8
What is the ten thousands digit of 50036?
5
What is the tens digit of 137?
3
What is the tens digit of 9531?
3
What is the tens digit of 34224?
2
What is the units digit of 6808?
8
What is the units digit of 84350?
0
What is the hundreds digit of 1776?
7
What is the thousands digit of 2380?
2
What is the thousands digit of 1896?
1
What is the tens digit of 80561?
6
What is the tens digit of 8312?
1
What is the tens digit of 2195?
9
What is the thousands digit of 1615?
1
What is the hundreds digit of 23943?
9
What is the units digit of 4154?
4
What is the thousands digit of 4695?
4
What is the tens digit of 23204?
0
What is the tens digit of 389?
8
What is the ten thousands digit of 36259?
3
What is the units digit of 11949?
9
What is the tens digit of 1134?
3
What is the units digit of 1185?
5
What is the units digit of 264?
4
What is the tens digit of 21428?
2
What is the units digit of 2688?
8
What is the units digit of 1068?
8
What is the hundreds digit of 484?
4
What is the units digit of 9157?
7
What is the thousands digit of 3200?
3
What is the hundreds digit of 9327?
3
What is the ten thousands digit of 17707?
1
What is the ten thousands digit of 48226?
4
What is the hundreds digit of 2948?
9
What is the units digit of 84413?
3
What is the hundreds digit of 902?
9
What is the units digit of 777?
7
What is the units digit of 146960?
0
What is the units digit of 1097?
7
What is the tens digit of 22806?
0
What is the tens digit of 91413?
1
What is the tens digit of 388?
8
What is the units digit of 4587?
7
What is the units digit of 1728?
8
What is the hundreds digit of 2479?
4
What is the tens digit of 5511?
1
What is the tens digit of 65018?
1
What is the units digit of 31756?
6
What is the thousands digit of 113387?
3
What is the thousands digit of 18667?
8
What is the hundreds digit of 5643?
6
What is the hundreds digit of 7475?
4
What is the units digit of 4875?
5
What is the hundreds digit of 868?
8
What is the tens digit of 14314?
1
What is the hundreds digit of 4886?
8
What is the tens digit of 110246?
4
What is the units digit of 1257?
7
What is the thousands digit of 1247?
1
What is the hundreds digit of 9658?
6
What is the ten thousands digit of 72327?
7
What is the tens digit of 1191?
9
What is the units digit of 73?
3
What is the ten thousands digit of 46096?
4
What is the thousands digit of 18522?
8
What is the thousands digit of 8337?
8
What is the tens digit of 40097?
9
What is the tens digit of 4049?
4
What is the units digit of 1160?
0
What is the 